 u(m) = -257*m - 94. Is u(-15) a composite number?
False
Let r = 126 + 106. Suppose 12*k = 8*k + r. Is k prime?
False
Suppose 0 = 2*c + 5*n - 11, 0 = c + 2*c + n - 23. Let d be 8799/12 - (-6)/c. Suppose -h = -4*x + h + d, h - 900 = -5*x. Is x composite?
False
Let w(c) = c**2 - 1. Let d(y) = -4*y**2 - 5. Let u(f) = -d(f) - 3*w(f). Let h(j) = -j**2 - 9*j - 9. Let i be h(-9). Is u(i) composite?
False
Let d(j) = 33*j**3 + j**2 - 2*j + 1. Let b be d(1). Suppose 37*z = b*z + 328. Is z composite?
True
Let o = -1525 - -277. Is 2/(-10)*1 - o/40 a prime number?
True
Let s(g) = 229*g**2 - 41*g - 35. Is s(-13) a prime number?
True
Suppose -4*g + g = 0. Let j(s) = -2*s**2 - s - 3885. Let l be j(g). Is (1/3)/((-7)/l) prime?
False
Let c = -4431 - -40364. Is c prime?
True
Suppose -3*t + 4*t = -14. Let n be 38/t - (-4)/(-14). Is (-2)/n - 3734/(-6) a prime number?
False
Let w(n) = -3827*n + 46. Is w(-5) a prime number?
True
Suppose -2*x + 2*d = -4596, -x - d + 2313 = -5*d. Is x composite?
False
Suppose -5*r + 11*r = 18. Suppose 4*k = 2*j - 1618, r*j + 1011 = -3*k + 3456. Is j a prime number?
False
Is (-2)/(-16) + (-615)/72*-57 composite?
False
Let p = 27 + -18. Suppose 3*g = 6*g - 15. Let y = g + p. Is y prime?
False
Let m = 1558 + 9339. Is m a composite number?
True
Is 5 + 25/(-10) + (-298959)/(-6) a composite number?
True
Let k = -11341 + 19092. Is k a prime number?
False
Let l(c) = 30*c - 25. Let w be (-28)/70*-5*3. Is l(w) composite?
True
Let r = -25 + 15. Let j(b) = -14*b + 3. Is j(r) prime?
False
Suppose -3*g + 2*d - 4 = -26, -2*g - 2*d = 2. Suppose -4*p = -w - 2293, g*p + 2*w = 3*p + 562. Suppose -p = -5*r + 63. Is r a prime number?
True
Let g(n) = -n - 1. Let q(p) = 44*p + 19. Let c(b) = 4*g(b) - q(b). Is c(-9) a composite number?
False
Let u(g) = g - 1. Let h be u(9). Is (-2)/6*-2798*12/h composite?
False
Suppose -6 = 3*a + 4*f - 21, 3*f + 15 = 3*a. Let g = a - -26. Is g prime?
True
Suppose 8*q - 3*q - 5185 = 0. Let t = 1456 - q. Is t composite?
False
Let k be (-70)/(-9) - (-6)/27. Let g(o) = -2*o - 6. Let q be g(k). Is 26535/165 + (-4)/q a composite number?
True
Let w(f) = 1127*f + 7. Let c be w(-2). Is (c/9)/(2/(-6)) composite?
True
Let t(z) = 2*z**3 + 2*z**2 - 2*z. Let l be t(1). Is (-1505)/(-20) + l - (-2)/(-8) a prime number?
False
Let p(o) = -3*o**2 - 5*o + 11. Let k be p(-5). Let a = k - -76. Is a composite?
False
Suppose -4*m + h - 15 = 0, 0*m + 2*h = 5*m + 21. Let w be m*(-3)/9 + 1. Is ((-14)/w)/(5/(-335)) a composite number?
True
Let k(h) = 3*h + 15. Let i be k(-5). Is i*3/12 + 307 composite?
False
Let l be (1562/4)/((-2)/(-4)). Let h = -328 + -58. Let z = l + h. Is z composite?
True
Suppose -2*y = -3*y - r + 1, -5*r + 20 = 0. Let l be (-1 - 0)/((-1)/15). Is (-214)/y + (-5)/l a prime number?
True
Let a(u) be the first derivative of -u**4/4 + 2*u**3/3 + 5*u**2/2 - 4*u - 4. Let f be a(3). Suppose c - 5*k = 107, -1 = f*k + 3. Is c a composite number?
False
Let g(j) = -1 + 8 - j + 2*j. Let m be g(-5). Is m - 4 - -1 - -164 composite?
False
Let h(r) = 9*r - 28. Let s(b) = -4*b - 7. Let k be s(-5). Is h(k) prime?
True
Let k be (9 - 8/24)/(4/(-1866)). Is (-3)/60*-8 - k/5 prime?
True
Let a(q) = 444*q**2 + 3*q + 1. Is a(2) composite?
False
Let l(a) = 9*a**2 - 40*a + 82. Is l(-19) composite?
False
Let v(y) = 3 + 7*y - 2*y**2 - y**2 - 3 + 5 - y**3. Let n be v(-5). Is ((-31)/(-2))/(2/n) a prime number?
False
Let w(d) = -d**3 - 2*d**2 - 23*d + 13. Is w(-7) a composite number?
False
Suppose 18140 = 3*o + 4*y, 0*o + 6072 = o - 5*y. Let j = 8501 - o. Is j a composite number?
True
Let n = -19 + 31. Let i be (40/(-6))/((-4)/n). Is 5/i - 579/(-4) prime?
False
Let x be (2 + -4)*(-2 + 1). Suppose 0 = -2*u - x*r + 4, -5*u - 2*r + 3 + 4 = 0. Is ((-2)/(-6))/(u/789) composite?
False
Is (143/242 + 1/(-11))*974 a composite number?
False
Let k = -4 - -10. Is 9/k*142/3 prime?
True
Let h(v) be the first derivative of 9/2*v**2 + 5*v - 5 - 1/4*v**4 + 10/3*v**3. Is h(9) composite?
False
Let b = -54 + 59. Suppose b*v - 672 = 1933. Is v prime?
True
Let l(i) = -8005*i - 581. Is l(-4) a composite number?
True
Is (-1 - (5 - 3665))/((-1)/(-1)) composite?
False
Let c = -90 - -102. Is (1*(-4)/c)/(1/(-3651)) composite?
False
Let g(h) = 2*h**3 + h**2 + 6*h - 23. Is g(16) prime?
True
Is 1 + -10 + 6 - -15662 prime?
False
Let a(i) = i**2 + i - 6. Let r be a(3). Let s(g) = 7*g**2 - 8*g - 1. Is s(r) prime?
False
Let d be (-5)/(-2) - 1/2. Suppose -5*z + 29 - 4 = 0, z + 3 = 4*i. Is (78 + i)*d + 3 a prime number?
True
Suppose 3*u + 5*f - 13769 = 0, -4*u - 3*f + 18366 = -0*f. Is u composite?
True
Suppose -2*h + 0*m - m + 1 = 0, 0 = 5*h + 3*m. Suppose 4*t = h*t + 3. Suppose 0 = t*c - 427 + 82. Is c a prime number?
False
Is (-3 - 0)/(4 - (-164284)/(-41068)) prime?
True
Let x(s) = 15*s**2 - 17*s + 51. Is x(-50) composite?
True
Let a = 34 + -23. Let r = a - 16. Let o(s) = 8*s**2 - s + 6. Is o(r) a prime number?
True
Suppose d + 5*i - 5 = 5, 34 = 2*d + 3*i. Is 5/(d/(-1102))*-2 prime?
False
Let u(n) = -n**2 - 7*n + 10. Let z be u(-7). Suppose -28 = 3*a + 4*v, z = -2*a - 4*v - 14. Let b(c) = 20*c**2 + 3*c - 1. Is b(a) a composite number?
False
Let g be (-1)/((2 - 1)/(443 - 0)). Let z = g - -1402. Is z prime?
False
Let z(m) = m**3 + 6*m**2 - 4*m - 2. Let f be (2/(-4))/((-4)/112). Suppose 3*r + a - f = 2*a, -4*a + 9 = r. Is z(r) composite?
True
Let z(o) be the first derivative of o**3/3 - 5*o**2/2 - 15*o + 41. Is z(-20) prime?
False
Suppose 0 = 4*u + 9 - 17. Is -3 + 3*68 + u a prime number?
False
Let z be ((-288)/(-22))/6 - (-2)/(-11). Is 3 - (z - (1 - -2315)) prime?
False
Let b(v) = v**2 + 10*v - 8. Let u be b(-11). Let g = u - -2. Suppose 5*s = -g*r + 420, -2*s - 3*s = -25. Is r a prime number?
True
Suppose u = 5*q - 27187, -2*u = -4*q - 6*u + 21740. Is q a composite number?
False
Suppose -15 = -5*o - b - 2*b, -b = -4*o + 12. Suppose -5*k + 2*k = -9. Suppose 3*g - 2*g = -k*a - 2, -2*a - 27 = -o*g. Is g composite?
False
Let c be (-8 - -2)*3/(-9). Suppose -2*t - 752 + 2532 = 5*r, -c*r + 2681 = 3*t. Suppose 5*u = t + 750. Is u a composite number?
True
Is (644/(-140))/((-2)/790) a prime number?
False
Let h be 210/(-9) - 3/(-9). Let n = h - -23. Suppose 5*i - i - 1972 = n. Is i prime?
False
Let f = -565 + 382. Let u = 342 + f. Is u composite?
True
Is (-3)/(-15) - (-454860)/75 a composite number?
True
Let k = -21 - -23. Suppose a = -3*a - k*m + 2956, 4*a = 2*m + 2940. Is a a prime number?
False
Is 213673/17 - 1*4/(-2) a prime number?
False
Let a = -454 - -782. Suppose -j - 388 - 22 = -5*i, 4*i - 2*j - a = 0. Is i a prime number?
False
Suppose 0 = u + 4*w + 7213, -2*u + 4*w = -0*u + 14390. Let v = -5002 - u. Is v a composite number?
True
Is 6 + 0/5 - 21508/(-4) a prime number?
False
Suppose -572461 = -81*p + 2852300. Is p a composite number?
False
Suppose 4*n - 22029 = y, -2*n - y = -2*y - 11015. Is n prime?
True
Suppose 3*t = 5*t - 10. Suppose 4*p + 4433 = 2*s + 3*p, -5*s = -t*p - 11090. Is s a prime number?
False
Suppose -102527 = 38*u - 512053. Is u a composite number?
True
Suppose -20*a = -54223 - 13957. Is a prime?
False
Suppose 5*c + 20 = 2*i, 4 = -3*i + 6*i - c. Let p(t) = t**3 - 35. Let g be p(i). Is (-1868)/(-28) + (-10)/g prime?
True
Let c be (-93)/4 + 1/4. Let w be 150/(-12)*(44/(-10) + 2). Let o = w - c. Is o a composite number?
False
Let a = 3504 - 1991. Is a a composite number?
True
Let p = 1 + 1. Suppose p*z - 6*z = 0. Suppose z = -3*i + 21. Is i a composite number?
False
Suppose 3*x + 11 - 43 = -5*q, -5*x - 3*q = -32. Suppose 2 = 3*j + 2*d, -5*j + 24 = -4*j - x*d. Suppose -n + 91 = -4*a, a = -j*a + 15. Is n prime?
True
Let m(z) = -z**3 + 36*z + 12. Let r be m(6). Let n(h) be the first derivative of 2*h**3/3 - 15*h**2/2 + 11*h + 1. Is n(r) a prime number?
False
Let i(k) = 172*k**2 + 15*k - 66. Is i(7) a prime number?
True
Let v = 7093 - -5110. Is v a composite number?
False
Let f(v) = 319*v**2 + v - 2. Let l be f(1). Suppose l = z - 469. Is z a composite number?
False
Suppose -12*p + 2945 + 13483 = 0. Is p composite?
True
Suppose -372*q + 366*q = -37182. Is q composite?
False
Let x(v) = v**2 - 8*v + 7. Let b be x(7). Suppose -4*r + 9*r + 20530 = b. Is (-6)/21 + r/(-14) a prime number?
True
Let h = -55 + 138. Suppose 16 = 3*u - h. Is u prime?
False
Let f be 4/14 + (-4)/14. Suppose f = -3*a